lue of (107 - 104 - (-6 + (-7 - -6))) + -79?
-69
Calculate 88 - (-119 + (265 - -75)).
-133
Calculate -21 + 9 + (-9 - -28) + 33.
40
Calculate 236 - (-17 - (125 - 277)).
101
What is the value of 0 + 1 + -46 + -1 - (18599 + -18605)?
-40
Evaluate (1 + -18 - -1) + -9 + (-51 - -44 - -9).
-23
Evaluate 40 + -37 + (39 - 32) + (0 - -27).
37
Calculate (-1 + 14 - 1) + -253 + 81 + 154.
-6
Calculate 8 + -19 - (457 + -408).
-60
What is the value of (-5 + -1 - (6 - (33 - 30))) + 24 - -30?
45
What is the value of (-7 - -27) + 23 + -14?
29
Evaluate -414 - -520 - (4 - -21) - 18.
63
Calculate -265 - -146 - (-3 - 1 - (-45 + 43)).
-117
What is the value of 144 - 148 - ((-59 - 1) + -8)?
64
What is ((7 - 48) + 9 - 9) + -17?
-58
What is -65 - (-214 + 108) - ((4 - 9) + 1 + -1)?
46
Evaluate -8 - (-22 + 4 - 6) - (-3 - -119 - -1).
-101
What is the value of 21 - 54 - (27 + -44)?
-16
Calculate (25 - -1) + 38 + -148 + 113.
29
Calculate -2 - -37 - (-9 - -9 - (-13 - -1) - 2).
25
What is the value of -3 + (1 - ((6 - (-11 - -14)) + 36))?
-41
(0 - 0) + 103 + (-175 - (-3 - 167))
98
Calculate 2 + -8 - -2 - (5 - 14) - (23 + -96).
78
What is (-2 - -10) + -6 + -15 + 34 + -3?
18
Evaluate 213 + -97 + -120 - (62 - -1).
-67
72 - (-29 + 53 - -74)
-26
(1 - 18) + 26 + -92 + 85
2
6 + (-63 + -3 + 35 - 73)
-98
What is the value of (0 - -9) + -31 - (4 - 78)?
52
6 + 5 - (-491 + 440)
62
Calculate -11 + -41 + 57 + 10.
15
What is the value of 86 + (-25 - (3 - 12))?
70
(27 + -63 - (21 + -26)) + 56
25
20 + (-1 - 1) + -3 + (5 - 158) + 92
-46
-32 + (135 - 44 - 15)
44
Calculate 12 + 12 + (-53 - -19) + 4.
-6
What is (3 + 13 - 24 - (16 + -1)) + 4?
-19
Evaluate -23 + (2 - (4 - 1)) + 3 + 8.
-13
What is the value of -7 + -2 - (-581 - -591 - (7 - (-2 - -2)))?
-12
Evaluate 24 - -7 - (13 - 13).
31
0 + 34 + 23 + -19 + -21 + 13
30
Evaluate 469 + (-859 - -396) - (38 - (-2 + 1)).
-33
57 + -8 - (-19 + -14 + 54)
28
Calculate -28 - -25 - (17 + -7 + -1) - (-108 + -4).
100
What is the value of -211 - -171 - (8 - (-1 + -13))?
-62
Calculate (-34 - (-33 - -142)) + 50.
-93
Calculate -281 - -263 - (1 - 129).
110
103 + 56 + -38 + 12
133
Evaluate 31 - (-57 - -86 - 18).
20
Evaluate (-7 + -8 - (12 + -14 + -3)) + 12.
2
What is the value of 2 + 1 - ((38 - 15) + -17)?
-3
What is -25 + 2 + (-887 - -890)?
-20
Evaluate (-43 + 41 + -4 + -13 - -29) + 24.
34
(-21 + -4 + 17 - 2) + (-3 - 49)
-62
What is 83 + -91 + 60 - 27?
25
Calculate -49 + 16 + 14 + -31 + 18.
-32
What is the value of -28 + (17 - 6) + 8 - (-95 - -5)?
81
What is the value of (-4161 - -4151) + (4 - -98 - 2)?
90
What is the value of 26 + (101 - 46) - 30?
51
Evaluate -3 + 9 - -1 - ((3 - 21) + 7).
18
What is the value of (-12 + 6 - 34) + 35?
-5
Evaluate -40 - (-5 - (-59 + 104)).
10
What is 71 + ((-18 - -9) + 14 + -18 - -6)?
64
What is (71 - (-98 - -45)) + -34?
90
What is 62 + -156 - -96 - (-1 + -30)?
33
-63 + -12 + (-1 - 22) + -52 + 62
-88
(1 - 1) + -3 + 5 - (-28 + 106 + -72)
-4
Evaluate 689 + -658 + (-11 - -10) + (2 - 7).
25
Evaluate (-22 - (17 - 26) - (4 - -2)) + 10.
-9
What is the value of -14 - ((2 - 157) + -1342 + 1381)?
102
-38 + (-170 - -163 - (-11 + -2))
-32
Evaluate 13 - (-1 - 14) - 13 - 98.
-83
Calculate -13 - (7 + (-63 - (-6 + -13 + 10))).
34
What is the value of 9 + -5 + -5 + (9 - (17 + -4))?
-5
Evaluate -29 - (-18 + -7 + (69 - 13)).
-60
What is the value of -5 - (4 + (-13 - (-72 + -6)) + -6)?
-68
Calculate (10 - 1) + -28 + 15 + (-6 + 4 - -103).
97
25 + -5 + 9 + -4 - (32 + (-22 - 18))
33
Calculate -13 + 1 - (7 + 15 - 30).
-4
Calculate (-207 + 197 - 114) + (9 - 1).
-116
What is 13 + -35 - (-44 + 84 - -24)?
-86
Evaluate 15 + -5 + (-285 - -252).
-23
What is the value of (-1 - 0 - (232 + -200)) + (3 - -3)?
-27
What is -1 + -34 - (2 - (16 + -20))?
-41
54 + (123 - 8 - 82)
87
What is the value of 1305 + -1247 + (-1 - 14) + 17?
60
Calculate -5 - (1 + 0 + (-13 - (-50 - -19))).
-24
Evaluate (-127 - -119) + 2 + 6 + -34.
-34
Evaluate (-1 - -28) + (2 - (-62 + 79)).
12
What is -1 - 62 - (-4607 - -4568)?
-24
What is the value of 11 - (6 + -12 - -6) - (-9 + 41 - -22)?
-43
-12 + 0 + (-8247 - -8364)
105
What is (-42 - 1) + (27 + -67 - -31) + -12 - 5?
-69
Evaluate 2 + -39 + (43 - (-13 + 79 - 33)).
-27
Evaluate -116 + 34 + 24 + 76.
18
Calculate 2 + 1 + -5 + 6 + (12 - (5 + 17)).
-6
Evaluate -3426 + 3457 - (3 + -2 + -34).
64
Evaluate -56 + (22 + -25 - -27) - -6.
-26
-1 - 77 - (-1201 + 1161)
-38
-64 + -46 + 136 + 95
121
7 - (14 + 55 + -43)
-19
What is 45 - (-31 + 57) - -6?
25
Evaluate -38 - ((-33 - -36) + 27).
-68
Evaluate (84 - (-2 + 2)) + -97 + 242 + -139.
90
Calculate (16 - 10) + 46 - (-13 - -29 - 15).
51
Evaluate 60 - 2 - (1841 - 1769).
-14
Evaluate -130 + 24 - (223 - 189).
-140
-34 + (4 - -13) - -21
4
Calculate 4 + (6 - 2) + 4 + -18 - (-5 + -1).
0
What is -21 + (20 - 61) + 93?
31
What is (-7 - (-14 + 8) - -50) + 0 + -4?
45
Calculate -495 - -452 - (-81 - 11).
49
24 + 0 + 2090 + -2134
-20
What is (-39 - (-32 + 13)) + (-13 - -4) + -1?
-30
Calculate (-374 - -370) + (1 - -24) + 74.
95
Calculate -380 + 463 + (-78 - 3).
2
Calculate (1 - (7 - 45)) + -65.
-26
76 + (66 - (-23 + 66))
99
What is 16 + (-1 - (2 + -4 - 6)) + -22 + 29?
30
What is 18 + (-14 + 1 - (-86 - (3 + -61)))?
33
What is 1 - ((-37 - -13) + (41 - 22))?
6
-19 + (-191 - -136) - 16
-90
What is the value of -59 - (30 + -53 + 23) - (6 + (0 - 1))?
-64
What is (310 - 296 - (1 + (4 - 2))) + -71 + -1?
-61
What is the value of (9 - (36 + -36)) + (25 - 3)?
31
(-4 - -4 - 6) + -15 + 84 + (12 - -1)
76
What is 28 + -2 + -57 + 32?
1
What is 1 + -25 - (-890 - -868) - (22 - -4 - 4)?
-24
What is the value of (-29 - -7) + (66 - -5) + 5?
54
What is (-42 - (43 + (42 - 158))) + (-1 + -9 - 1)?
20
What is the value of 39 - (-27 + 51) - -13?
28
Evaluate (-3 - -17) + 4 - (4 + 22) - (0 + 118).
-126
1 + 13 + 34 + -41 + 16 + (-95 - -2)
-70
Calculate (2 - (0 - 87)) + 61 + -181 + 104.
73
What is (22 - (3 + -10 + -9 + 24)) + 48?
62
Evaluate (-3 + 0 - (41 + 32 + 0)) + -10.
-86
What is 24 - (-18 + -30 + 20 + 55)?
-3
What is -12 - (-2 + -27 - -21 - -7)?
-11
Evaluate (-65 - -134) + (3 - (-4 + 9)) + (0 - 0).
67
Evaluate -12 + (7 - (3 - (1 - -1))) + (263 - 305).
-48
Evaluate 1 - -108 - (-120 + 58 + 45 - (-26 - 1)).
99
Evaluate (-291 - -294 - (-2 + -39)) + -27.
17
Calculate 69 + 2 + 19 + -49 + 3 + 32.
76
What is the value of (19 - -1) + -119 - -150?
51
14 - (-4 + 2) - (-1977 - -1972)
21
Calculate -10 + (19 - (6 + (12 - 18))) + -69.
-60
-64 + 39 + 48 + (-8 - -3)
18
66 + 17 + -496 + 422
9
What is 12 - (-27 + -4 + -1)?
44
What is the value of 44 - 14 - 43 - 14?
-27
(24 - 3) + 7 + (-13 - -10) - -8
33
What is -7 + (34 - 30 - -21) - -5?
23
What is (3 - (9 + 5)) + (-30 - -50) - 5 - -75?
79
What is the value of 9 + (12 - (108 - 60))?
-27
What is (0 - -161) + (16723 - 16783)?
101
What is the value of 26 + -55 + 1 + -18 + -10?
-56
(-33 - (18 + -11 + -36)) + (4 - (-1 - 1))
2
What is the value of -1 - -15 - (143 - 243 - -112)?
2
What is the value of 0 + 6 + -289 + 313?
30
Calculate -65 + 48 - (14 + -14).
-17
What is (-22 - -25) + (-2 - (-3 + 11)) - (-17 + 77)?
-67
What is the value of (28 - (-7 + 3 - -4)) + -3 - -15?
40
Evaluate -76 - (22 - (120 - 66)).
-44
Evaluate 0 - 1 - 66 - (1552 - 1534 - (-2 + 20)).
-67
-7 + (17 - (-7 - (-12 - -8))) + -9
4
Evaluate (-167 - -169) + 3 + 15 + -14.
6
What is (28 + -113 - -48) + 71?
34
-9 + (8 - -1) + -603 + 605 + -108
-106
What is the value of 6 + (-14 - (14 - 10)) - (-18 - 16)?
22
What is -61 + 4 - (-23 + 3)?
-37
Evaluate -48 - (16 - (8 - 34 - -11)).
-79
Calculate (32 - 22) + 7 + -50.
-33
Calculate -26 + 232 + -215 + (-1 - 17).
-27
What is the value of 0 + 112 + 264 + -336?
40
What is -3 + (37 - 45) + 70 + (-2 - -9)?
66
-53 - (-5 - (33 - 36 - (2 + -10)))
-43
Evaluate -24 + -4 + 18 + (24 - -9 - 16).
7
(-21 - (-57 + 14)) + -15 + -41
-34
Evaluate -4 + -15 - (116 - 245 - -134).
-24
What is (2369 - 2360) + 5 + -66 + 1 + (-5 - -2)?
-54
Evaluate 58 - 0 - (-1838 - -1863).
33
Evaluate (-49 - -2) + (-2 + 2 - -1) + (1 - -7).
-38
Calculate -62 + 14 + -116 + 222.
58
Calculate 0 + -13 + 30 - (4 - 6).
19
What is the value of (124 - (157 - 18)) + 46 + -1?
30
What is 55 - (6 + 32 + (-15 - 9))?
41
Calculate -64 - (-130 - -103) - -87.
50
9 - (-28 + (7 - 15)) - -9 - 11
43
What is (3 - 16) + (40 - (22 - -17))?
-12
Evaluate 108 + -133 - (-1 - 6) - -14.
-4
What